{"id":143,"date":"2014-08-15T00:16:52","date_gmt":"2014-08-14T22:16:52","guid":{"rendered":"http:\/\/cuotagest.com\/web\/?page_id=143"},"modified":"2026-01-05T18:07:06","modified_gmt":"2026-01-05T16:07:06","slug":"clientes","status":"publish","type":"page","link":"https:\/\/cuotagest.com\/web\/clientes\/","title":{"rendered":"Clientes"},"content":{"rendered":"\n<p>Estos son algunos de los clientes que conf\u00edan y usan el software de gesti\u00f3n de centros Cuotagest. <\/p>\n\n\n<div class=\"wp-block-image\">\n<figure class=\"alignright size-full is-resized\"><a href=\"https:\/\/cuotagest.com\/web\/wp-content\/uploads\/2019\/08\/software-mejor-precio.png\" data-rel=\"lightbox-image-0\" data-rl_title=\"\" data-rl_caption=\"\" title=\"\"><img loading=\"lazy\" decoding=\"async\" width=\"389\" height=\"372\" src=\"https:\/\/cuotagest.com\/web\/wp-content\/uploads\/2019\/08\/software-mejor-precio.png\" alt=\"software-mejor-precio\" class=\"wp-image-2252\" style=\"width:102px;height:auto\" srcset=\"https:\/\/cuotagest.com\/web\/wp-content\/uploads\/2019\/08\/software-mejor-precio.png 389w, https:\/\/cuotagest.com\/web\/wp-content\/uploads\/2019\/08\/software-mejor-precio-300x287.png 300w\" sizes=\"auto, (max-width: 389px) 100vw, 389px\" \/><\/a><\/figure>\n<\/div>\n\n\n<h2 class=\"wp-block-heading\">M\u00e1s de 1000 negocios<\/h2>\n\n\n\n<p>M\u00e1s de 1000 negocios, incluyendo academias, peluquer\u00edas, gimnasios, centros de estudio, academias de baile, centros de idiomas, clubes, y asociaciones, han elegido Cuotagest para simplificar su gesti\u00f3n diaria.<\/p>\n\n\n\n<h3 class=\"wp-block-heading\"><div class=\"rl-gallery-container rl-loading\" id=\"rl-gallery-container-1\" data-gallery_id=\"4292\"> <div class=\"rl-gallery rl-basicgrid-gallery \" id=\"rl-gallery-1\" data-gallery_no=\"1\"> <div class=\"rl-gallery-item\"><a href=\"https:\/\/cuotagest.com\/web\/wp-content\/uploads\/2019\/10\/apeti.png\" title=\"\" data-rl_title=\"\" class=\"rl-gallery-link\" data-rl_caption=\"\" data-rel=\"lightbox-gallery-1\"><img loading=\"lazy\" decoding=\"async\" src=\"https:\/\/cuotagest.com\/web\/wp-content\/uploads\/2019\/10\/apeti-300x114.png\" width=\"300\" height=\"114\" alt=\"\" \/><\/a><\/div><div class=\"rl-gallery-item\"><a href=\"https:\/\/cuotagest.com\/web\/wp-content\/uploads\/2019\/10\/back2basic.png\" title=\"\" data-rl_title=\"\" class=\"rl-gallery-link\" data-rl_caption=\"\" data-rel=\"lightbox-gallery-1\"><img loading=\"lazy\" decoding=\"async\" src=\"https:\/\/cuotagest.com\/web\/wp-content\/uploads\/2019\/10\/back2basic-300x86.png\" width=\"300\" height=\"86\" alt=\"\" \/><\/a><\/div><div class=\"rl-gallery-item\"><a href=\"https:\/\/cuotagest.com\/web\/wp-content\/uploads\/2019\/10\/ballet_carmen_romero.png\" title=\"\" data-rl_title=\"\" class=\"rl-gallery-link\" data-rl_caption=\"\" data-rel=\"lightbox-gallery-1\"><img loading=\"lazy\" decoding=\"async\" src=\"https:\/\/cuotagest.com\/web\/wp-content\/uploads\/2019\/10\/ballet_carmen_romero-231x300.png\" width=\"231\" height=\"300\" alt=\"\" \/><\/a><\/div><div class=\"rl-gallery-item\"><a href=\"https:\/\/cuotagest.com\/web\/wp-content\/uploads\/2019\/10\/box_sport_archidona.jpg\" title=\"\" data-rl_title=\"\" class=\"rl-gallery-link\" data-rl_caption=\"\" data-rel=\"lightbox-gallery-1\"><img loading=\"lazy\" decoding=\"async\" src=\"https:\/\/cuotagest.com\/web\/wp-content\/uploads\/2019\/10\/box_sport_archidona.jpg\" width=\"160\" height=\"160\" alt=\"\" \/><\/a><\/div><div class=\"rl-gallery-item\"><a href=\"https:\/\/cuotagest.com\/web\/wp-content\/uploads\/2019\/10\/bs_danza.png\" title=\"\" data-rl_title=\"\" class=\"rl-gallery-link\" data-rl_caption=\"\" data-rel=\"lightbox-gallery-1\"><img loading=\"lazy\" decoding=\"async\" src=\"https:\/\/cuotagest.com\/web\/wp-content\/uploads\/2019\/10\/bs_danza.png\" width=\"249\" height=\"232\" alt=\"\" \/><\/a><\/div><div class=\"rl-gallery-item\"><a href=\"https:\/\/cuotagest.com\/web\/wp-content\/uploads\/2019\/10\/caezaragoza.png\" title=\"\" data-rl_title=\"\" class=\"rl-gallery-link\" data-rl_caption=\"\" data-rel=\"lightbox-gallery-1\"><img loading=\"lazy\" decoding=\"async\" src=\"https:\/\/cuotagest.com\/web\/wp-content\/uploads\/2019\/10\/caezaragoza-300x102.png\" width=\"300\" height=\"102\" alt=\"\" \/><\/a><\/div><div class=\"rl-gallery-item\"><a href=\"https:\/\/cuotagest.com\/web\/wp-content\/uploads\/2019\/10\/club_deportivo_mijas.jpg\" title=\"\" data-rl_title=\"\" class=\"rl-gallery-link\" data-rl_caption=\"\" data-rel=\"lightbox-gallery-1\"><img loading=\"lazy\" decoding=\"async\" src=\"https:\/\/cuotagest.com\/web\/wp-content\/uploads\/2019\/10\/club_deportivo_mijas.jpg\" width=\"90\" height=\"125\" alt=\"\" \/><\/a><\/div><div class=\"rl-gallery-item\"><a href=\"https:\/\/cuotagest.com\/web\/wp-content\/uploads\/2019\/10\/Conxo.jpg\" title=\"\" data-rl_title=\"\" class=\"rl-gallery-link\" data-rl_caption=\"\" data-rel=\"lightbox-gallery-1\"><img loading=\"lazy\" decoding=\"async\" src=\"https:\/\/cuotagest.com\/web\/wp-content\/uploads\/2019\/10\/Conxo.jpg\" width=\"127\" height=\"160\" alt=\"\" \/><\/a><\/div><div class=\"rl-gallery-item\"><a href=\"https:\/\/cuotagest.com\/web\/wp-content\/uploads\/2019\/10\/gcsigno.jpg\" title=\"\" data-rl_title=\"\" class=\"rl-gallery-link\" data-rl_caption=\"\" data-rel=\"lightbox-gallery-1\"><img loading=\"lazy\" decoding=\"async\" src=\"https:\/\/cuotagest.com\/web\/wp-content\/uploads\/2019\/10\/gcsigno.jpg\" width=\"233\" height=\"160\" alt=\"\" \/><\/a><\/div><div class=\"rl-gallery-item\"><a href=\"https:\/\/cuotagest.com\/web\/wp-content\/uploads\/2019\/10\/genius_centro_estudios.jpg\" title=\"\" data-rl_title=\"\" class=\"rl-gallery-link\" data-rl_caption=\"\" data-rel=\"lightbox-gallery-1\"><img loading=\"lazy\" decoding=\"async\" src=\"https:\/\/cuotagest.com\/web\/wp-content\/uploads\/2019\/10\/genius_centro_estudios-300x132.jpg\" width=\"300\" height=\"132\" alt=\"\" \/><\/a><\/div><div class=\"rl-gallery-item\"><a href=\"https:\/\/cuotagest.com\/web\/wp-content\/uploads\/2019\/10\/gym_curves.gif\" title=\"\" data-rl_title=\"\" class=\"rl-gallery-link\" data-rl_caption=\"\" data-rel=\"lightbox-gallery-1\"><img loading=\"lazy\" decoding=\"async\" src=\"https:\/\/cuotagest.com\/web\/wp-content\/uploads\/2019\/10\/gym_curves.gif\" width=\"264\" height=\"120\" alt=\"\" \/><\/a><\/div><div class=\"rl-gallery-item\"><a href=\"https:\/\/cuotagest.com\/web\/wp-content\/uploads\/2019\/10\/kubotan.jpg\" title=\"\" data-rl_title=\"\" class=\"rl-gallery-link\" data-rl_caption=\"\" data-rel=\"lightbox-gallery-1\"><img loading=\"lazy\" decoding=\"async\" src=\"https:\/\/cuotagest.com\/web\/wp-content\/uploads\/2019\/10\/kubotan.jpg\" width=\"160\" height=\"160\" alt=\"\" \/><\/a><\/div><div class=\"rl-gallery-item\"><a href=\"https:\/\/cuotagest.com\/web\/wp-content\/uploads\/2019\/10\/Lidomare.jpg\" title=\"\" data-rl_title=\"\" class=\"rl-gallery-link\" data-rl_caption=\"\" data-rel=\"lightbox-gallery-1\"><img loading=\"lazy\" decoding=\"async\" src=\"https:\/\/cuotagest.com\/web\/wp-content\/uploads\/2019\/10\/Lidomare.jpg\" width=\"160\" height=\"160\" alt=\"\" \/><\/a><\/div><div class=\"rl-gallery-item\"><a href=\"https:\/\/cuotagest.com\/web\/wp-content\/uploads\/2019\/10\/lmpacto_laguna.png\" title=\"\" data-rl_title=\"\" class=\"rl-gallery-link\" data-rl_caption=\"\" data-rel=\"lightbox-gallery-1\"><img loading=\"lazy\" decoding=\"async\" src=\"https:\/\/cuotagest.com\/web\/wp-content\/uploads\/2019\/10\/lmpacto_laguna.png\" width=\"100\" height=\"36\" alt=\"\" \/><\/a><\/div><div class=\"rl-gallery-item\"><a href=\"https:\/\/cuotagest.com\/web\/wp-content\/uploads\/2019\/10\/logo_candelarte.png\" title=\"\" data-rl_title=\"\" class=\"rl-gallery-link\" data-rl_caption=\"\" data-rel=\"lightbox-gallery-1\"><img loading=\"lazy\" decoding=\"async\" src=\"https:\/\/cuotagest.com\/web\/wp-content\/uploads\/2019\/10\/logo_candelarte.png\" width=\"180\" height=\"180\" alt=\"\" \/><\/a><\/div><div class=\"rl-gallery-item\"><a href=\"https:\/\/cuotagest.com\/web\/wp-content\/uploads\/2019\/10\/logo_somart.jpg\" title=\"\" data-rl_title=\"\" class=\"rl-gallery-link\" data-rl_caption=\"\" data-rel=\"lightbox-gallery-1\"><img loading=\"lazy\" decoding=\"async\" src=\"https:\/\/cuotagest.com\/web\/wp-content\/uploads\/2019\/10\/logo_somart.jpg\" width=\"200\" height=\"81\" alt=\"\" \/><\/a><\/div><div class=\"rl-gallery-item\"><a href=\"https:\/\/cuotagest.com\/web\/wp-content\/uploads\/2019\/10\/logo-aprenaballar.png\" title=\"\" data-rl_title=\"\" class=\"rl-gallery-link\" data-rl_caption=\"\" data-rel=\"lightbox-gallery-1\"><img loading=\"lazy\" decoding=\"async\" src=\"https:\/\/cuotagest.com\/web\/wp-content\/uploads\/2019\/10\/logo-aprenaballar-300x75.png\" width=\"300\" height=\"75\" alt=\"\" \/><\/a><\/div><div class=\"rl-gallery-item\"><a href=\"https:\/\/cuotagest.com\/web\/wp-content\/uploads\/2019\/10\/mbv_sport_fitness.jpg\" title=\"\" data-rl_title=\"\" class=\"rl-gallery-link\" data-rl_caption=\"\" data-rel=\"lightbox-gallery-1\"><img loading=\"lazy\" decoding=\"async\" src=\"https:\/\/cuotagest.com\/web\/wp-content\/uploads\/2019\/10\/mbv_sport_fitness.jpg\" width=\"160\" height=\"160\" alt=\"\" \/><\/a><\/div><div class=\"rl-gallery-item\"><a href=\"https:\/\/cuotagest.com\/web\/wp-content\/uploads\/2019\/10\/muxle_gym.jpg\" title=\"\" data-rl_title=\"\" class=\"rl-gallery-link\" data-rl_caption=\"\" data-rel=\"lightbox-gallery-1\"><img loading=\"lazy\" decoding=\"async\" src=\"https:\/\/cuotagest.com\/web\/wp-content\/uploads\/2019\/10\/muxle_gym-300x212.jpg\" width=\"300\" height=\"212\" alt=\"\" \/><\/a><\/div><div class=\"rl-gallery-item\"><a href=\"https:\/\/cuotagest.com\/web\/wp-content\/uploads\/2019\/10\/taller_de_idiomas_mediterraneo.png\" title=\"\" data-rl_title=\"\" class=\"rl-gallery-link\" data-rl_caption=\"\" data-rel=\"lightbox-gallery-1\"><img loading=\"lazy\" decoding=\"async\" src=\"https:\/\/cuotagest.com\/web\/wp-content\/uploads\/2019\/10\/taller_de_idiomas_mediterraneo.png\" width=\"250\" height=\"99\" alt=\"\" \/><\/a><\/div><div class=\"rl-gallery-item\"><a href=\"https:\/\/cuotagest.com\/web\/wp-content\/uploads\/2019\/10\/urban_fitness.jpg\" title=\"\" data-rl_title=\"\" class=\"rl-gallery-link\" data-rl_caption=\"\" data-rel=\"lightbox-gallery-1\"><img loading=\"lazy\" decoding=\"async\" src=\"https:\/\/cuotagest.com\/web\/wp-content\/uploads\/2019\/10\/urban_fitness.jpg\" width=\"250\" height=\"50\" alt=\"\" \/><\/a><\/div> <\/div> <\/div><\/h3>\n","protected":false},"excerpt":{"rendered":"<p>Estos son algunos de los clientes que conf\u00edan y usan el software de gesti\u00f3n de centros Cuotagest. M\u00e1s de 1000 negocios M\u00e1s de 1000 negocios, incluyendo academias, peluquer\u00edas, gimnasios, centros de estudio, academias de baile, centros de idiomas, clubes, y asociaciones, han elegido Cuotagest para simplificar su gesti\u00f3n diaria.<\/p>\n","protected":false},"author":1,"featured_media":0,"parent":0,"menu_order":9,"comment_status":"closed","ping_status":"closed","template":"","meta":{"footnotes":""},"class_list":["post-143","page","type-page","status-publish","hentry"],"_links":{"self":[{"href":"https:\/\/cuotagest.com\/web\/wp-json\/wp\/v2\/pages\/143","targetHints":{"allow":["GET"]}}],"collection":[{"href":"https:\/\/cuotagest.com\/web\/wp-json\/wp\/v2\/pages"}],"about":[{"href":"https:\/\/cuotagest.com\/web\/wp-json\/wp\/v2\/types\/page"}],"author":[{"embeddable":true,"href":"https:\/\/cuotagest.com\/web\/wp-json\/wp\/v2\/users\/1"}],"replies":[{"embeddable":true,"href":"https:\/\/cuotagest.com\/web\/wp-json\/wp\/v2\/comments?post=143"}],"version-history":[{"count":32,"href":"https:\/\/cuotagest.com\/web\/wp-json\/wp\/v2\/pages\/143\/revisions"}],"predecessor-version":[{"id":9994,"href":"https:\/\/cuotagest.com\/web\/wp-json\/wp\/v2\/pages\/143\/revisions\/9994"}],"wp:attachment":[{"href":"https:\/\/cuotagest.com\/web\/wp-json\/wp\/v2\/media?parent=143"}],"curies":[{"name":"wp","href":"https:\/\/api.w.org\/{rel}","templated":true}]}}