{"id":164,"date":"2014-08-24T23:36:05","date_gmt":"2014-08-24T23:36:05","guid":{"rendered":"http:\/\/cuotagest.com\/web\/?page_id=164"},"modified":"2019-10-06T15:27:47","modified_gmt":"2019-10-06T13:27:47","slug":"diccionarios","status":"publish","type":"page","link":"https:\/\/cuotagest.com\/web\/software-academias\/diccionarios\/","title":{"rendered":"Diccionarios"},"content":{"rendered":"<h4><strong>NOTA 2019: Los diccionarios ya no son necesarios descargarlos, ya que est\u00e1n incluidos en las nuevas versiones (a partir de la v16).<\/strong><\/h4>\n<p style=\"text-align: justify;\">Los diccionarios del software de gesti\u00f3n de recibos, se utilizan para cambiar los textos y la forma de trabajo del programa. Por ejemplo, si usted est\u00e1 usando el software para gestionar una peluquer\u00eda, preferir\u00e1 que aparezcan en el programa nombres como \u00abCliente, Tarifa Plana, Recibo, etc\u00bb, pero si usted tiene, por ejemplo, est\u00e1 usando el software para gestionar una academia de baile, es posible que prefiera que los textos que aparezcan sean tales como \u00abSocio, Matr\u00edculas, Facturas, etc\u00bb.<\/p>\n<p style=\"text-align: justify;\">El programa de gesti\u00f3n de centros Cuotagest, viene configurado por defecto con un diccionario t\u00edpico con palabras gen\u00e9ricas como son: Clientes, Recibos, Ingresos, Citas, Accesos, Backups, etc. Perdo puede personalizar los textos del software de gesti\u00f3n o descargar algunos diccionarios creados.<\/p>\n<p style=\"text-align: justify;\">Aqu\u00ed puede descargar algunos diccionarios preestablecidos. Para instalar un diccionario diferente, descargue el diccionario y sobrescriba el archivo correspondiente en la instalaci\u00f3n del programa. <div class='w3eden'>\n    <div class=''>\n\n        <form method=\"get\" class=\"\" data-container=\"#content_wpdm_package_1\" id=\"sc_form_wpdm_package_1\" style=\"margin-bottom: 15px\">\n    \n            <div class=\"card panel panel-default wpdm-shortcode-toolbar\">\n                <div class=\"card-body panel-body\">\n                    <div class=\"row\">\n                        <div class=\"col-lg-6 col-md-12\">\n                            <input type=\"search\" name=\"skw\" value=\"\" placeholder=\"Buscar palabra clave\u2026\" class=\"form-control\" \/>\n                        <\/div>\n                        <div class=\"col-lg-2 col-md-4\">\n                            <select name=\"orderby\" class=\"wpdm-custom-select custom-select\">\n                                <option value=\"date\" disabled=\"disabled\">Ordenar por:<\/option>\n                                <option value=\"date\" >Fecha de publicaci\u00f3n<\/option>\n                                <option value=\"title\" >T\u00edtulo<\/option>\n                                <option value=\"update_date\" >Fecha de actualizaci\u00f3n<\/option>\n                                <option value=\"downloads\" >Descargas<\/option>\n                                <option value=\"views\" >Visitas<\/option>\n                            <\/select>\n                        <\/div>\n                        <div class=\"col-lg-2 col-md-4\">\n                            <select name=\"order\" class=\"wpdm-custom-select custom-select\">\n                                <option value=\"desc\" disabled=\"disabled\">Orden:<\/option>\n                                <option value=\"desc\" >Descendente<\/option>\n                                <option value=\"asc\" >Ascendente<\/option>\n                            <\/select>\n                        <\/div>\n                        <div class=\"col-lg-2 col-md-4\">\n                            <button type=\"submit\" class=\"btn btn-info btn-block\">Aplicar el filtro<\/button>\n                        <\/div>\n                    <\/div>\n                <\/div>\n            <\/div>\n\n            <\/form>\n<div class=\"spacer mb-3 d-block clearfix\"><\/div>\n\n        <div id=\"content_wpdm_package_1\">\n            <div class='row'><div class='col-md-12'>\u00a1No se encontraron descargas!<\/div><\/div>            <div style='clear:both'><\/div><div class='text-center'><ul class='pagination wpdm-pagination pagination-centered text-center'><\/ul><\/div><div style='clear:both'><\/div>        <\/div>\n\n        <div style='clear:both'><\/div>\n    <\/div>\n<\/div>\n<\/p>\n<p style=\"text-align: justify;\">Para saber como personalizar usted mismo un diccionario, <a title=\"Ayuda Cuotagest\" href=\"http:\/\/www.cuotagest.com\/videos\/\" target=\"_blank\" rel=\"noopener noreferrer\">visite la ayuda (Personalizar textos del programa)<\/a>.<\/p>\n<p style=\"text-align: justify;\">Si tiene un diccionario que usted ha personalizado, puede enviarnoslo por correo electr\u00f3nico para que sea incluido en las sucesivas actualizaciones.<\/p>\n<p><!--:--><\/p>\n","protected":false},"excerpt":{"rendered":"<p>NOTA 2019: Los diccionarios ya no son necesarios descargarlos, ya que est\u00e1n incluidos en las nuevas versiones (a partir de la v16). Los diccionarios del software de gesti\u00f3n de recibos, se utilizan para cambiar los textos y la forma de trabajo del programa. Por ejemplo, si usted est\u00e1 usando el software para gestionar una peluquer\u00eda, [&hellip;]<\/p>\n","protected":false},"author":1,"featured_media":0,"parent":577,"menu_order":0,"comment_status":"closed","ping_status":"closed","template":"","meta":{"footnotes":""},"class_list":["post-164","page","type-page","status-publish","hentry"],"_links":{"self":[{"href":"https:\/\/cuotagest.com\/web\/wp-json\/wp\/v2\/pages\/164","targetHints":{"allow":["GET"]}}],"collection":[{"href":"https:\/\/cuotagest.com\/web\/wp-json\/wp\/v2\/pages"}],"about":[{"href":"https:\/\/cuotagest.com\/web\/wp-json\/wp\/v2\/types\/page"}],"author":[{"embeddable":true,"href":"https:\/\/cuotagest.com\/web\/wp-json\/wp\/v2\/users\/1"}],"replies":[{"embeddable":true,"href":"https:\/\/cuotagest.com\/web\/wp-json\/wp\/v2\/comments?post=164"}],"version-history":[{"count":16,"href":"https:\/\/cuotagest.com\/web\/wp-json\/wp\/v2\/pages\/164\/revisions"}],"predecessor-version":[{"id":4149,"href":"https:\/\/cuotagest.com\/web\/wp-json\/wp\/v2\/pages\/164\/revisions\/4149"}],"up":[{"embeddable":true,"href":"https:\/\/cuotagest.com\/web\/wp-json\/wp\/v2\/pages\/577"}],"wp:attachment":[{"href":"https:\/\/cuotagest.com\/web\/wp-json\/wp\/v2\/media?parent=164"}],"curies":[{"name":"wp","href":"https:\/\/api.w.org\/{rel}","templated":true}]}}