{"id":325,"date":"2014-10-16T00:12:03","date_gmt":"2014-10-16T00:12:03","guid":{"rendered":"http:\/\/cuotagest.com\/web\/?page_id=325"},"modified":"2024-02-02T15:35:30","modified_gmt":"2024-02-02T13:35:30","slug":"imagenes","status":"publish","type":"page","link":"https:\/\/cuotagest.com\/web\/imagenes\/","title":{"rendered":"Im\u00e1genes del Software de Gesti\u00f3n para Academias Cuotagest"},"content":{"rendered":"\n<ol class=\"wp-block-list\">\n<li><strong>Panel de Control Intuitivo:<\/strong> Nuestro software de gesti\u00f3n para academias Cuotagest presenta un panel de control intuitivo que te permite acceder f\u00e1cilmente a todas las funciones principales, desde el seguimiento de membres\u00edas hasta la programaci\u00f3n de clases. Simplifica la gesti\u00f3n diaria de tu academia con una interfaz f\u00e1cil de usar.<\/li>\n\n\n\n<li><strong>Gesti\u00f3n de Reservas Simplificada:<\/strong> Con Cuotagest, tus clientes pueden reservar clases f\u00e1cilmente a trav\u00e9s de nuestro sistema integrado de reservas en l\u00ednea. Desde la visualizaci\u00f3n de horarios hasta la confirmaci\u00f3n de reservas, todo el proceso se realiza de manera fluida y eficiente.<\/li>\n\n\n\n<li><strong>Seguimiento de Membres\u00edas y Pagos:<\/strong> Mant\u00e9n un registro preciso de las membres\u00edas de tus clientes y los pagos pendientes con nuestra herramienta de seguimiento integrada. Con Cuotagest, nunca perder\u00e1s de vista el estado de las cuentas y podr\u00e1s gestionar tus finanzas de manera efectiva.<\/li>\n\n\n\n<li><strong>Informes de Rendimiento y Estad\u00edsticas:<\/strong> Obt\u00e9n una visi\u00f3n completa del rendimiento de tu academia con nuestros informes detallados y estad\u00edsticas en tiempo real. Desde la asistencia de los estudiantes hasta el rendimiento financiero, Cuotagest te proporciona los datos que necesitas para tomar decisiones informadas.<\/li>\n<\/ol>\n\n\n\n<p>\u00a1Descubre todas las caracter\u00edsticas y beneficios de Cuotagest explorando nuestras im\u00e1genes a continuaci\u00f3n!<\/p>\n\n\n\n<div class=\"wp-block-responsive-lightbox-gallery\"><div class=\"rl-gallery-container rl-loading\" id=\"rl-gallery-container-1\" data-gallery_id=\"4240\"> <div class=\"rl-gallery rl-basicgrid-gallery \" id=\"rl-gallery-1\" data-gallery_no=\"1\"> <div class=\"rl-gallery-item\"><a href=\"https:\/\/cuotagest.com\/web\/wp-content\/uploads\/2019\/10\/ficha_cliente_facturas.png\" title=\"\" data-rl_title=\"\" class=\"rl-gallery-link\" data-rl_caption=\"\" data-rel=\"lightbox-gallery-1\"><img loading=\"lazy\" decoding=\"async\" src=\"https:\/\/cuotagest.com\/web\/wp-content\/uploads\/2019\/10\/ficha_cliente_facturas-300x270.png\" width=\"300\" height=\"270\" alt=\"software-academia-cliente\" \/><\/a><\/div><div class=\"rl-gallery-item\"><a href=\"https:\/\/cuotagest.com\/web\/wp-content\/uploads\/2019\/10\/ficha_cliente_datos_generales.png\" title=\"\" data-rl_title=\"\" class=\"rl-gallery-link\" data-rl_caption=\"\" data-rel=\"lightbox-gallery-1\"><img loading=\"lazy\" decoding=\"async\" src=\"https:\/\/cuotagest.com\/web\/wp-content\/uploads\/2019\/10\/ficha_cliente_datos_generales-300x270.png\" width=\"300\" height=\"270\" alt=\"\" \/><\/a><\/div><div class=\"rl-gallery-item\"><a href=\"https:\/\/cuotagest.com\/web\/wp-content\/uploads\/2016\/11\/software-academia-cuotagest-v16-6.png\" title=\"\" data-rl_title=\"\" class=\"rl-gallery-link\" data-rl_caption=\"\" data-rel=\"lightbox-gallery-1\"><img loading=\"lazy\" decoding=\"async\" src=\"https:\/\/cuotagest.com\/web\/wp-content\/uploads\/2016\/11\/software-academia-cuotagest-v16-6-300x250.png\" width=\"300\" height=\"250\" alt=\"software gestion academias\" \/><\/a><\/div><div class=\"rl-gallery-item\"><a href=\"https:\/\/cuotagest.com\/web\/wp-content\/uploads\/2016\/11\/software-academia-cuotagest-v16-10.png\" title=\"\" data-rl_title=\"\" class=\"rl-gallery-link\" data-rl_caption=\"\" data-rel=\"lightbox-gallery-1\"><img loading=\"lazy\" decoding=\"async\" src=\"https:\/\/cuotagest.com\/web\/wp-content\/uploads\/2016\/11\/software-academia-cuotagest-v16-10-300x214.png\" width=\"300\" height=\"214\" alt=\"\" \/><\/a><\/div><div class=\"rl-gallery-item\"><a href=\"https:\/\/cuotagest.com\/web\/wp-content\/uploads\/2016\/11\/software-academia-cuotagest-v16-9.png\" title=\"\" data-rl_title=\"\" class=\"rl-gallery-link\" data-rl_caption=\"\" data-rel=\"lightbox-gallery-1\"><img loading=\"lazy\" decoding=\"async\" src=\"https:\/\/cuotagest.com\/web\/wp-content\/uploads\/2016\/11\/software-academia-cuotagest-v16-9-300x181.png\" width=\"300\" height=\"181\" alt=\"\" \/><\/a><\/div><div class=\"rl-gallery-item\"><a href=\"https:\/\/cuotagest.com\/web\/wp-content\/uploads\/2017\/07\/control_facturas.png\" title=\"\" data-rl_title=\"\" class=\"rl-gallery-link\" data-rl_caption=\"\" data-rel=\"lightbox-gallery-1\"><img loading=\"lazy\" decoding=\"async\" src=\"https:\/\/cuotagest.com\/web\/wp-content\/uploads\/2017\/07\/control_facturas-300x158.png\" width=\"300\" height=\"158\" alt=\"control facturas\" \/><\/a><\/div><div class=\"rl-gallery-item\"><a href=\"https:\/\/cuotagest.com\/web\/wp-content\/uploads\/2019\/10\/ficha_cliente_2.png\" title=\"\" data-rl_title=\"\" class=\"rl-gallery-link\" data-rl_caption=\"\" data-rel=\"lightbox-gallery-1\"><img loading=\"lazy\" decoding=\"async\" src=\"https:\/\/cuotagest.com\/web\/wp-content\/uploads\/2019\/10\/ficha_cliente_2-300x188.png\" width=\"300\" height=\"188\" alt=\"\" \/><\/a><\/div><div class=\"rl-gallery-item\"><a href=\"https:\/\/cuotagest.com\/web\/wp-content\/uploads\/2019\/10\/ficha_cliente_1.png\" title=\"\" data-rl_title=\"\" class=\"rl-gallery-link\" data-rl_caption=\"\" data-rel=\"lightbox-gallery-1\"><img loading=\"lazy\" decoding=\"async\" src=\"https:\/\/cuotagest.com\/web\/wp-content\/uploads\/2019\/10\/ficha_cliente_1-300x229.png\" width=\"300\" height=\"229\" alt=\"\" \/><\/a><\/div> <\/div> <div class=\"rl-gallery-description\"><\/div> <\/div><\/div>\n","protected":false},"excerpt":{"rendered":"<p>\u00a1Descubre todas las caracter\u00edsticas y beneficios de Cuotagest explorando nuestras im\u00e1genes a continuaci\u00f3n!<\/p>\n","protected":false},"author":1,"featured_media":0,"parent":0,"menu_order":4,"comment_status":"closed","ping_status":"closed","template":"","meta":{"footnotes":""},"class_list":["post-325","page","type-page","status-publish","hentry"],"_links":{"self":[{"href":"https:\/\/cuotagest.com\/web\/wp-json\/wp\/v2\/pages\/325","targetHints":{"allow":["GET"]}}],"collection":[{"href":"https:\/\/cuotagest.com\/web\/wp-json\/wp\/v2\/pages"}],"about":[{"href":"https:\/\/cuotagest.com\/web\/wp-json\/wp\/v2\/types\/page"}],"author":[{"embeddable":true,"href":"https:\/\/cuotagest.com\/web\/wp-json\/wp\/v2\/users\/1"}],"replies":[{"embeddable":true,"href":"https:\/\/cuotagest.com\/web\/wp-json\/wp\/v2\/comments?post=325"}],"version-history":[{"count":10,"href":"https:\/\/cuotagest.com\/web\/wp-json\/wp\/v2\/pages\/325\/revisions"}],"predecessor-version":[{"id":9591,"href":"https:\/\/cuotagest.com\/web\/wp-json\/wp\/v2\/pages\/325\/revisions\/9591"}],"wp:attachment":[{"href":"https:\/\/cuotagest.com\/web\/wp-json\/wp\/v2\/media?parent=325"}],"curies":[{"name":"wp","href":"https:\/\/api.w.org\/{rel}","templated":true}]}}