{"id":577,"date":"2024-02-16T22:12:19","date_gmt":"2024-02-16T20:12:19","guid":{"rendered":"http:\/\/cuotagest.com\/web\/?page_id=577"},"modified":"2024-02-16T22:12:39","modified_gmt":"2024-02-16T20:12:39","slug":"software-academias","status":"publish","type":"page","link":"https:\/\/cuotagest.com\/web\/software-academias\/","title":{"rendered":"Descargar Cuotagest: Software Academias, Peluquer\u00edas, Gimnasios y M\u00e1s"},"content":{"rendered":"\n<p>\u00a1Bienvenido a la p\u00e1gina de descarga de Cuotagest, tu <strong>soluci\u00f3n completa de software<\/strong> academias, para la <strong>gesti\u00f3n <\/strong>eficiente tanto de academias, peluquer\u00edas, gimnasios y otros negocios! Descarga nuestro software <strong>l\u00edder <\/strong>en el mercado, dise\u00f1ado espec\u00edficamente para satisfacer las <strong>necesidades <\/strong>de gesti\u00f3n de tu academia. <strong>Simplifica <\/strong>la administraci\u00f3n de tu centro en pocos pasos sencillos con Cuotagest.<\/p>\n\n\n\n<h2 class=\"wp-block-heading\">Pasos para Descargar e Instalar Cuotagest:<\/h2>\n\n\n\n<div class=\"wp-block-media-text is-stacked-on-mobile\" style=\"grid-template-columns:15% auto\"><figure class=\"wp-block-media-text__media\"><img loading=\"lazy\" decoding=\"async\" width=\"256\" height=\"256\" src=\"https:\/\/cuotagest.com\/web\/wp-content\/uploads\/2014\/12\/descargar1.png\" alt=\"descargar software academias\" class=\"wp-image-863 size-full\" srcset=\"https:\/\/cuotagest.com\/web\/wp-content\/uploads\/2014\/12\/descargar1.png 256w, https:\/\/cuotagest.com\/web\/wp-content\/uploads\/2014\/12\/descargar1-100x100.png 100w, https:\/\/cuotagest.com\/web\/wp-content\/uploads\/2014\/12\/descargar1-200x200.png 200w, https:\/\/cuotagest.com\/web\/wp-content\/uploads\/2014\/12\/descargar1-150x150.png 150w\" sizes=\"auto, (max-width: 256px) 100vw, 256px\" \/><\/figure><div class=\"wp-block-media-text__content\">\n<ul class=\"wp-block-list\">\n<li><strong>Descarga el Software:<\/strong> Haz clic en el enlace de <strong>descarga <\/strong>a continuaci\u00f3n para obtener el archivo comprimido de Cuotagest (<strong>cuotagest.zip<\/strong>).<\/li>\n<\/ul>\n<\/div><\/div>\n\n\n\n<div class=\"wp-block-media-text is-stacked-on-mobile\" style=\"grid-template-columns:15% auto\"><figure class=\"wp-block-media-text__media\"><img loading=\"lazy\" decoding=\"async\" width=\"300\" height=\"300\" src=\"https:\/\/cuotagest.com\/web\/wp-content\/uploads\/2014\/12\/descomprimir.gif\" alt=\"descomprimir software academias\" class=\"wp-image-864 size-full\"\/><\/figure><div class=\"wp-block-media-text__content\">\n<ul class=\"wp-block-list\">\n<li><strong>Descomprime el Archivo:<\/strong> Una vez descargado, <strong>descomprime <\/strong>el archivo cuotagest.zip en tu ordenador utilizando tu software de descompresi\u00f3n favorito.<\/li>\n<\/ul>\n<\/div><\/div>\n\n\n\n<div class=\"wp-block-media-text is-stacked-on-mobile\" style=\"grid-template-columns:15% auto\"><figure class=\"wp-block-media-text__media\"><img loading=\"lazy\" decoding=\"async\" width=\"256\" height=\"256\" src=\"https:\/\/cuotagest.com\/web\/wp-content\/uploads\/2014\/12\/instalar.png\" alt=\"Instalar software academias\" class=\"wp-image-865 size-full\" srcset=\"https:\/\/cuotagest.com\/web\/wp-content\/uploads\/2014\/12\/instalar.png 256w, https:\/\/cuotagest.com\/web\/wp-content\/uploads\/2014\/12\/instalar-100x100.png 100w, https:\/\/cuotagest.com\/web\/wp-content\/uploads\/2014\/12\/instalar-200x200.png 200w, https:\/\/cuotagest.com\/web\/wp-content\/uploads\/2014\/12\/instalar-150x150.png 150w\" sizes=\"auto, (max-width: 256px) 100vw, 256px\" \/><\/figure><div class=\"wp-block-media-text__content\">\n<ul class=\"wp-block-list\">\n<li><strong>Instalaci\u00f3n del Software:<\/strong> Localiza y ejecuta el archivo  \u00ab<strong>Cuotagest_setup.exe<\/strong>\u00bb dentro de la carpeta descomprimida para  iniciar el proceso de instalaci\u00f3n. (<strong><span style=\"text-decoration: underline;\">Ejecutar como Administrador<\/span><\/strong>). Sigue las instrucciones en pantalla  para completar la instalaci\u00f3n de Cuotagest en tu dispositivo.<\/li>\n<\/ul>\n<\/div><\/div>\n\n\n\n<hr class=\"wp-block-separator has-alpha-channel-opacity\"\/>\n\n\n<div class='w3eden'><!-- WPDM Link Template: Default Template -->\n\n<div class=\"link-template-default card mb-2\">\n    <div class=\"card-body\">\n        <div class=\"media\">\n            <div class=\"mr-3 img-48\"><img decoding=\"async\" class=\"wpdm_icon\" alt=\"Icono\"   src=\"https:\/\/cuotagest.com\/web\/wp-content\/plugins\/download-manager\/assets\/file-type-icons\/download2.png\" \/><\/div>\n            <div class=\"media-body\">\n                <h3 class=\"package-title\"><a href='https:\/\/cuotagest.com\/web\/download\/software-cuotagest\/'>Software Cuotagest v19.10.1<\/a><\/h3>\n                <div class=\"text-muted text-small\"><i class=\"fas fa-copy\"><\/i> 1 archivo(s) <i class=\"fas fa-hdd ml-3\"><\/i> 25.8 MB<\/div>\n            <\/div>\n            <div class=\"ml-3\">\n                <a href='#unlock' class='wpdm-download-link wpdm-download-locked btn btn-primary ' data-package='4143'>Descargar<\/a>\n            <\/div>\n        <\/div>\n    <\/div>\n<\/div>\n\n<\/div>\n\n\n\n<h2 class=\"wp-block-heading\">Caracter\u00edsticas Destacadas de Software Cuotagest:<\/h2>\n\n\n\n<ul class=\"wp-block-list\">\n<li><strong>Gesti\u00f3n Integral:<\/strong> Administra f\u00e1cilmente clientes, facturas, asistencia y m\u00e1s desde una sola plataforma intuitiva. Con Cuotagest, tendr\u00e1s todas las herramientas que necesitas para gestionar eficientemente tu centro.<\/li>\n\n\n\n<li><strong>Facturaci\u00f3n Automatizada:<\/strong> Simplifica la facturaci\u00f3n mensual con nuestra funci\u00f3n de facturaci\u00f3n autom\u00e1tica. Olv\u00eddate de los procesos manuales y asegura una gesti\u00f3n financiera eficiente.<\/li>\n\n\n\n<li><strong>Reservas y Citas:<\/strong> Organiza tus actividades con nuestro sistema integrado de reservas y citas. Optimiza la programaci\u00f3n de tu centro y ofrece a tus clientes una experiencia de reserva sin complicaciones.<\/li>\n\n\n\n<li><strong>Control de Acceso:<\/strong> Gestiona el acceso al centro con opciones de registro manual o mediante lector. Garantiza la seguridad de tus instalaciones y controla qui\u00e9n puede acceder a ellas.<\/li>\n\n\n\n<li><strong>Estad\u00edsticas y An\u00e1lisis:<\/strong> Accede a estad\u00edsticas detalladas y an\u00e1lisis de rendimiento para evaluar el \u00e9xito de tu negocio y tomar decisiones informadas. Con Cuotagest, tendr\u00e1s una visi\u00f3n clara de c\u00f3mo est\u00e1 funcionando tu centro y d\u00f3nde puedes realizar mejoras.<\/li>\n<\/ul>\n\n\n\n<h2 class=\"wp-block-heading\">Consejos para Maximizar el Uso de Cuotagest:<\/h2>\n\n\n<div class=\"wp-block-image\">\n<figure class=\"alignright size-full\"><a href=\"https:\/\/cuotagest.com\/web\/wp-content\/uploads\/2014\/09\/logo_softonic.png\" data-rel=\"lightbox-image-0\" data-rl_title=\"\" data-rl_caption=\"\" title=\"\"><img loading=\"lazy\" decoding=\"async\" width=\"110\" height=\"109\" src=\"https:\/\/cuotagest.com\/web\/wp-content\/uploads\/2014\/09\/logo_softonic.png\" alt=\"Software de gestion de academias Evaluado por Softonic\" class=\"wp-image-768\" srcset=\"https:\/\/cuotagest.com\/web\/wp-content\/uploads\/2014\/09\/logo_softonic.png 110w, https:\/\/cuotagest.com\/web\/wp-content\/uploads\/2014\/09\/logo_softonic-100x100.png 100w\" sizes=\"auto, (max-width: 110px) 100vw, 110px\" \/><\/a><figcaption class=\"wp-element-caption\">Software Academias y otros negocios. Evaluado por <a href=\"https:\/\/cuotagest.softonic.com\/\" data-type=\"link\" data-id=\"https:\/\/cuotagest.softonic.com\/\" target=\"_blank\" rel=\"noopener\">Softonic<\/a><\/figcaption><\/figure>\n<\/div>\n\n\n<ul class=\"wp-block-list\">\n<li><strong>Capacitaci\u00f3n del Personal:<\/strong> Aseg\u00farate de que todo tu equipo est\u00e9 capacitado en el uso de Cuotagest para aprovechar al m\u00e1ximo todas sus funciones y caracter\u00edsticas.<\/li>\n\n\n\n<li><strong>Personalizaci\u00f3n:<\/strong> Configura Cuotagest seg\u00fan las necesidades espec\u00edficas de tu centro. Aprovecha las opciones de personalizaci\u00f3n para adaptar el software a tu flujo de trabajo \u00fanico.<\/li>\n\n\n\n<li><strong>Actualizaciones Regulares:<\/strong> Mant\u00e9n tu versi\u00f3n de Cuotagest actualizada para acceder a las \u00faltimas caracter\u00edsticas y mejoras de rendimiento. Las actualizaciones regulares garantizan que est\u00e9s utilizando la versi\u00f3n m\u00e1s avanzada del software academias.<\/li>\n<\/ul>\n\n\n\n<p>\u00a1Descarga Cuotagest ahora y lleva la gesti\u00f3n de tu centro al siguiente nivel!<\/p>\n\n\n\n<h2 class=\"wp-block-heading\">Proceso de instalaci\u00f3n del software academias y otros negocios<\/h2>\n\n\n\n<p><iframe loading=\"lazy\" src=\"https:\/\/www.youtube.com\/embed\/PiZFQiU01-w\" width=\"98%\" height=\"480\" frameborder=\"0\" allowfullscreen=\"allowfullscreen\"><\/iframe><\/p>\n\n\n\n<ul class=\"wp-block-list\">\n<li><a title=\"Cuotagest\" href=\"http:\/\/www.cuotagest.com\/manual\/\" target=\"_blank\" rel=\"noopener noreferrer\">Enlace al manual del producto<\/a>. Tambi\u00e9n incluido para consultas en el propio software academias<\/li>\n<\/ul>\n\n\n\n<p>Solicita una <a href=\"https:\/\/cuotagest.com\/web\/product\/software-academias-gratis\/\" data-type=\"link\" data-id=\"https:\/\/cuotagest.com\/web\/product\/software-academias-gratis\/\">prueba gratis<\/a> del software academ\u00edas y gesti\u00f3n de centros.<\/p>\n\n\n\n<h6 class=\"wp-block-heading\">temas de inter\u00e9s: descargar software academia, descargar software gesti\u00f3n, download software school, descargar software peluqueria, descargar software gimnasio, descargar software centros, descargar software club, descargar software fitness<\/h6>\n","protected":false},"excerpt":{"rendered":"<p>\u00a1Bienvenido a la p\u00e1gina de descarga de Cuotagest, tu soluci\u00f3n completa de software academias, para la gesti\u00f3n eficiente tanto de academias, peluquer\u00edas, gimnasios y otros negocios! Descarga nuestro software l\u00edder en el mercado, dise\u00f1ado espec\u00edficamente para satisfacer las necesidades de gesti\u00f3n de tu academia. Simplifica la administraci\u00f3n de tu centro en pocos pasos sencillos con [&hellip;]<\/p>\n","protected":false},"author":1,"featured_media":0,"parent":0,"menu_order":0,"comment_status":"closed","ping_status":"closed","template":"","meta":{"footnotes":""},"class_list":["post-577","page","type-page","status-publish","hentry"],"_links":{"self":[{"href":"https:\/\/cuotagest.com\/web\/wp-json\/wp\/v2\/pages\/577","targetHints":{"allow":["GET"]}}],"collection":[{"href":"https:\/\/cuotagest.com\/web\/wp-json\/wp\/v2\/pages"}],"about":[{"href":"https:\/\/cuotagest.com\/web\/wp-json\/wp\/v2\/types\/page"}],"author":[{"embeddable":true,"href":"https:\/\/cuotagest.com\/web\/wp-json\/wp\/v2\/users\/1"}],"replies":[{"embeddable":true,"href":"https:\/\/cuotagest.com\/web\/wp-json\/wp\/v2\/comments?post=577"}],"version-history":[{"count":49,"href":"https:\/\/cuotagest.com\/web\/wp-json\/wp\/v2\/pages\/577\/revisions"}],"predecessor-version":[{"id":9796,"href":"https:\/\/cuotagest.com\/web\/wp-json\/wp\/v2\/pages\/577\/revisions\/9796"}],"wp:attachment":[{"href":"https:\/\/cuotagest.com\/web\/wp-json\/wp\/v2\/media?parent=577"}],"curies":[{"name":"wp","href":"https:\/\/api.w.org\/{rel}","templated":true}]}}