{"id":4473,"date":"2019-10-12T18:50:09","date_gmt":"2019-10-12T16:50:09","guid":{"rendered":"https:\/\/cuotagest.com\/web\/?post_type=product&#038;p=4473"},"modified":"2024-02-03T20:48:33","modified_gmt":"2024-02-03T18:48:33","slug":"licencia-cuotagest-3-meses","status":"publish","type":"product","link":"https:\/\/cuotagest.com\/web\/product\/licencia-cuotagest-3-meses\/","title":{"rendered":"Licencia Cuotagest 3 meses"},"content":{"rendered":"<p>Con este producto comprar\u00e1 una Licencia Cuotagest v\u00e1lida para 3 meses.<\/p>\n<h2 style=\"text-align: left;\">\u00bfPara que centros o tipos de negocio es v\u00e1lida la Licencia Cuotagest 3 meses<\/h2>\n<p style=\"text-align: left;\">La licencia es v\u00e1lida para gestionar su academia, gestionar su peluquer\u00eda, club o negocio.<\/p>\n<p style=\"text-align: left;\">Esta licencia es v\u00e1lida para<strong><span style=\"text-decoration: underline;\"> cualquier versi\u00f3n del programa Cuotagest<\/span><\/strong>\u00a0y permite gestionar cualquier centro o negocio que disponga de <strong>clientes<\/strong>, <strong>miembros<\/strong> o <strong>alumnos<\/strong>, <strong>recibos<\/strong> o <strong>facturas<\/strong>, <strong>actividades<\/strong>, <strong>productos<\/strong>&#8230;<\/p>\n<p style=\"text-align: left;\">Permite el control de <strong>clientes<\/strong>, gesti\u00f3n de <strong>recibos<\/strong>, <strong>asistencia<\/strong>, crear <strong>citas<\/strong> o <strong>reservas<\/strong>, etc. Por tanto est\u00e1 adaptado para centros como pueden ser:<\/p>\n<figure id=\"attachment_1326\" aria-describedby=\"caption-attachment-1326\" style=\"width: 150px\" class=\"wp-caption alignright\"><img loading=\"lazy\" decoding=\"async\" class=\"wp-image-1326 size-thumbnail\" title=\"Licencia Cuotagest: Programa para academia, peluquer\u00eda, club\" src=\"http:\/\/cuotagest.com\/web\/wp-content\/uploads\/2014\/08\/programa-para-fitness-150x150.png\" alt=\"Licencia Cuotagest: Programa para academia, peluquer\u00eda, club\" width=\"150\" height=\"150\" srcset=\"https:\/\/cuotagest.com\/web\/wp-content\/uploads\/2014\/08\/programa-para-fitness-150x150.png 150w, https:\/\/cuotagest.com\/web\/wp-content\/uploads\/2014\/08\/programa-para-fitness-324x324.png 324w, https:\/\/cuotagest.com\/web\/wp-content\/uploads\/2014\/08\/programa-para-fitness-100x100.png 100w, https:\/\/cuotagest.com\/web\/wp-content\/uploads\/2014\/08\/programa-para-fitness-416x416.png 416w, https:\/\/cuotagest.com\/web\/wp-content\/uploads\/2014\/08\/programa-para-fitness-300x300.png 300w, https:\/\/cuotagest.com\/web\/wp-content\/uploads\/2014\/08\/programa-para-fitness.png 600w\" sizes=\"auto, (max-width: 150px) 100vw, 150px\" \/><figcaption id=\"caption-attachment-1326\" class=\"wp-caption-text\">Licencia Cuotagest: Programa para academia, peluquer\u00eda, club<\/figcaption><\/figure>\n<ul>\n<li style=\"text-align: left;\"><strong>Academia<\/strong> de ingl\u00e9s o academia de <strong>idiomas<\/strong><\/li>\n<li><strong>Escuela<\/strong> de m\u00fasica o similares<\/li>\n<li><strong>Gimnasio<\/strong>, gym o centros <strong>Fitness<\/strong><\/li>\n<li><strong>Peluquer\u00eda<\/strong> o centros de est\u00e9tica<\/li>\n<li><strong>Club, <\/strong>asociaciones o comunidades.<\/li>\n<li><strong>Club deportivo<\/strong> o polideportivo<\/li>\n<li>Escuela de <strong>f\u00fatbol<\/strong> o escuela de <strong>baloncesto<\/strong><\/li>\n<li>Centro de tatuajes o Tattoo<\/li>\n<li><strong>Cl\u00ednica <\/strong>dental<\/li>\n<li>Centro de <strong>fisioterapia<\/strong> o tratamientos<\/li>\n<li>Centro de <strong>Yoga<\/strong><\/li>\n<li>Comunidad de vecinos\u00a0o <strong>mancomunidades<\/strong><\/li>\n<li>Actividades <b>extra-escolares<\/b><\/li>\n<li><strong>Club de f\u00fatbol<\/strong><\/li>\n<li>Club de <strong>p\u00e1del<\/strong><\/li>\n<li><strong>Alquileres\u00a0<\/strong> o <strong>mensualidades<\/strong>: permite llevar el control de las mensualidades, pagos pendientes, etc<\/li>\n<li>Etc.<\/li>\n<\/ul>\n<p>Descargue el programa y util\u00edcelo sin compromiso alguno.<\/p>\n<h2>\u00bfQue obtendr\u00e1s con la Licencia Cuotagest 3 meses?<\/h2>\n<p style=\"text-align: justify;\"><strong>Liberar\u00e1<\/strong> el programa con todas sus <strong>funciones<\/strong>, incluidas las copias de seguridad en la <strong>nube<\/strong>.<\/p>\n<figure id=\"attachment_768\" aria-describedby=\"caption-attachment-768\" style=\"width: 110px\" class=\"wp-caption alignright\"><img loading=\"lazy\" decoding=\"async\" class=\"size-full wp-image-768\" src=\"http:\/\/cuotagest.com\/web\/wp-content\/uploads\/2014\/09\/logo_softonic.png\" alt=\"Software de gestion de academias Evaluado por Softonic\" width=\"110\" height=\"109\" srcset=\"https:\/\/cuotagest.com\/web\/wp-content\/uploads\/2014\/09\/logo_softonic.png 110w, https:\/\/cuotagest.com\/web\/wp-content\/uploads\/2014\/09\/logo_softonic-100x100.png 100w\" sizes=\"auto, (max-width: 110px) 100vw, 110px\" \/><figcaption id=\"caption-attachment-768\" class=\"wp-caption-text\">Software de gesti\u00f3n de academias. Evaluado por Softonic<\/figcaption><\/figure>\n<p style=\"text-align: justify;\">Podr\u00e1s realizar la gesti\u00f3n del centro, control de <strong>clientes<\/strong> o <strong>alumnos<\/strong>, gestionar las<strong> facturas<\/strong> y o<strong> recibos <\/strong>mensuales autom\u00e1ticamente. Control y gesti\u00f3n de las <strong>actividades<\/strong> del centro. Permite gestionar f\u00e1cilmente sus clientes o <strong>socios<\/strong>, recibos, <strong>asistencias<\/strong>, <strong>citas<\/strong> o reservas.<\/p>\n<p style=\"text-align: justify;\">Con una licencia Cuotagest 3 meses: Programa para academia, peluquer\u00eda, club o negocio, podr\u00e1 <strong>gestionar <\/strong>el centro<strong> f\u00e1cilmente. <\/strong><\/p>\n<p style=\"text-align: justify;\">Tendr\u00e1s la opci\u00f3n<strong> de controlar el acceso<\/strong> al centro, con la posibilidad de <strong>registro<\/strong> manual o mediante un lector (consultar). La \u00faltima versi\u00f3n cuenta con control de\u00a0<strong>reservas<\/strong>\u00a0o de\u00a0<strong>citas<\/strong> para las actividades, y establecer el <strong>calendario<\/strong> de las actividades, el n\u00famero de <strong>reservas por hora<\/strong>, y un <strong>panel de citas<\/strong> de para el d\u00eda. Muchas m\u00e1s opciones que puedes descubrir tu mismo.<\/p>\n<p style=\"text-align: justify;\"><strong>Caja diaria<\/strong> o <strong>TPV<\/strong> tambi\u00e9n disponible. Incluso puede recoger recibos separados a clientes o socios.<\/p>\n<p style=\"text-align: justify;\">Tambi\u00e9n puedes consultar los <strong>informes<\/strong> o\u00a0 <strong>estad\u00edsticas<\/strong> para ver que ingresos tendr\u00e1s, o si lo deseas, podr\u00e1s consultar los recibos pendientes de cobro. Tambi\u00e9n dispones de m\u00e1s informes detallados seg\u00fan los datos que necesites controlar. Ejemplo: altas y bajas mensuales, ingresos estad\u00edsticos, ganancias, etc.<\/p>\n<figure id=\"attachment_1677\" aria-describedby=\"caption-attachment-1677\" style=\"width: 300px\" class=\"wp-caption alignright\"><img loading=\"lazy\" decoding=\"async\" class=\"wp-image-1677 size-medium\" title=\"Licencia Cuotagest: Programa para academia, peluquer\u00eda, club\" src=\"http:\/\/cuotagest.com\/web\/wp-content\/uploads\/2016\/11\/software-academia-cuotagest-v16-1-300x237.png\" alt=\"software academia\" width=\"300\" height=\"237\" srcset=\"https:\/\/cuotagest.com\/web\/wp-content\/uploads\/2016\/11\/software-academia-cuotagest-v16-1-300x237.png 300w, https:\/\/cuotagest.com\/web\/wp-content\/uploads\/2016\/11\/software-academia-cuotagest-v16-1-416x328.png 416w, https:\/\/cuotagest.com\/web\/wp-content\/uploads\/2016\/11\/software-academia-cuotagest-v16-1.png 426w\" sizes=\"auto, (max-width: 300px) 100vw, 300px\" \/><figcaption id=\"caption-attachment-1677\" class=\"wp-caption-text\">Licencia Cuotagest: Programa para academia, peluquer\u00eda, club<\/figcaption><\/figure>\n<p style=\"text-align: justify;\">Permite realizar <strong>copias de seguridad<\/strong> en la nube o en<strong> disco local<\/strong>, un <strong>dispositivo USB<\/strong> o pendrive.<\/p>\n<p style=\"text-align: justify;\">Para m\u00e1s informaci\u00f3n descargue la <strong>demo<\/strong> aqu\u00ed mismo o tambi\u00e9n puede consultar:<\/p>\n<ul style=\"color: #4b4b4b; text-align: justify;\">\n<li><a style=\"color: #7eb2ff;\" title=\"Cuotagest\" href=\"http:\/\/www.cuotagest.com\/manual\/\" target=\"_blank\" rel=\"noopener noreferrer\">Manual del producto<\/a><\/li>\n<\/ul>\n<p style=\"color: #4b4b4b; text-align: justify;\">Para <strong>descargar<\/strong> pulse en el siguiente enlace\u00a0(recomendamos que descargue siempre la \u00faltima versi\u00f3n disponible):<\/p>\n<p style=\"color: #4b4b4b; text-align: justify;\"><div class='w3eden'><!-- WPDM Link Template: Default Template -->\n\n<div class=\"link-template-default card mb-2\">\n    <div class=\"card-body\">\n        <div class=\"media\">\n            <div class=\"mr-3 img-48\"><img decoding=\"async\" class=\"wpdm_icon\" alt=\"Icono\"   src=\"https:\/\/cuotagest.com\/web\/wp-content\/plugins\/download-manager\/assets\/file-type-icons\/download2.png\" \/><\/div>\n            <div class=\"media-body\">\n                <h3 class=\"package-title\"><a href='https:\/\/cuotagest.com\/web\/download\/software-cuotagest\/'>Software Cuotagest v19.10.1<\/a><\/h3>\n                <div class=\"text-muted text-small\"><i class=\"fas fa-copy\"><\/i> 1 archivo(s) <i class=\"fas fa-hdd ml-3\"><\/i> 25.8 MB<\/div>\n            <\/div>\n            <div class=\"ml-3\">\n                <a href='#unlock' class='wpdm-download-link wpdm-download-locked btn btn-primary ' data-package='4143'>Descargar<\/a>\n            <\/div>\n        <\/div>\n    <\/div>\n<\/div>\n\n<\/div><\/p>\n<p style=\"color: #4b4b4b; text-align: justify;\">\n","protected":false},"excerpt":{"rendered":"<p>Licencia para activar el Software Cuotagest. Le permitir\u00e1 utilizar el programa con todas las funciones activadas.<\/p>\n","protected":false},"featured_media":158,"comment_status":"closed","ping_status":"closed","template":"","meta":[],"product_brand":[],"product_cat":[57,13],"product_tag":[],"class_list":{"0":"post-4473","1":"product","2":"type-product","3":"status-publish","4":"has-post-thumbnail","6":"product_cat-licencias","7":"product_cat-software","9":"first","10":"instock","11":"sold-individually","12":"taxable","13":"shipping-taxable","14":"purchasable","15":"product-type-variable"},"_links":{"self":[{"href":"https:\/\/cuotagest.com\/web\/wp-json\/wp\/v2\/product\/4473","targetHints":{"allow":["GET"]}}],"collection":[{"href":"https:\/\/cuotagest.com\/web\/wp-json\/wp\/v2\/product"}],"about":[{"href":"https:\/\/cuotagest.com\/web\/wp-json\/wp\/v2\/types\/product"}],"replies":[{"embeddable":true,"href":"https:\/\/cuotagest.com\/web\/wp-json\/wp\/v2\/comments?post=4473"}],"wp:featuredmedia":[{"embeddable":true,"href":"https:\/\/cuotagest.com\/web\/wp-json\/wp\/v2\/media\/158"}],"wp:attachment":[{"href":"https:\/\/cuotagest.com\/web\/wp-json\/wp\/v2\/media?parent=4473"}],"wp:term":[{"taxonomy":"product_brand","embeddable":true,"href":"https:\/\/cuotagest.com\/web\/wp-json\/wp\/v2\/product_brand?post=4473"},{"taxonomy":"product_cat","embeddable":true,"href":"https:\/\/cuotagest.com\/web\/wp-json\/wp\/v2\/product_cat?post=4473"},{"taxonomy":"product_tag","embeddable":true,"href":"https:\/\/cuotagest.com\/web\/wp-json\/wp\/v2\/product_tag?post=4473"}],"curies":[{"name":"wp","href":"https:\/\/api.w.org\/{rel}","templated":true}]}}